ose -5*w + 20 = -0*w. Suppose x = r + 4*i, w*r - 5*i + 0*i = 406. List the prime factors of r.
3, 11
Suppose 2*j - 2*n + 5 - 19 = 0, 5*j - 3*n = 31. Let v(b) = b + 17. Let d(i) = -1. Let u(y) = j*d(y) + v(y). What are the prime factors of u(-3)?
3
Suppose 0 = 103*o - 4356523 - 123510 - 239118. List the prime factors of o.
45817
Suppose 0 = -8*b - 42 + 58. Suppose j = 1, b*j - 186 = 3*y - 4*y. What are the prime factors of y?
2, 23
Let v = 5901 - -36975. List the prime factors of v.
2, 3, 397
Suppose 2*o + 5*m = 15393, 4*m - 23086 = -19*o + 16*o. What are the prime factors of o?
2, 3847
Let l be 3/4*120/45. Suppose l*x + 5*c = 4*c + 596, 4*x + c - 1188 = 0. List the prime factors of x.
2, 37
Suppose -54 = -3*v - 4*d, 3*d - 2*d - 36 = -2*v. Suppose 0 = 20*w - v*w - 4*b - 456, 3*w - 684 = -4*b. What are the prime factors of w?
2, 3, 19
Let f(z) = -17*z**3 - 4*z**2 - 13*z + 2. List the prime factors of f(-5).
2, 523
Suppose 0 = 2*o + u - 67135, 3*o + 15*u - 100707 = 14*u. List the prime factors of o.
2, 7, 11, 109
Suppose -32*s - 6 = -34*s, -4*f - 5*s = -110055. What are the prime factors of f?
2, 3, 5, 7, 131
Let j = -934 + 941. Let n(g) be the second derivative of g**4/12 - 4*g**3/3 + 9*g**2/2 + 5*g. List the prime factors of n(j).
2
Let u = 324 - 321. Suppose -f = 5*l - 5721, -2928 = -u*l - 5*f + 487. List the prime factors of l.
5, 229
Suppose -11*s + 26221 = -5*s + 5*t, -1 = t. What are the prime factors of s?
3, 31, 47
Suppose -321 = 11*t - 1355. Suppose 10*m - 8*m + d - 233 = 0, -m + 4*d + t = 0. List the prime factors of m.
2, 3, 19
Suppose -18 = -5*h + k, -12 = 2*k + 2*k. Suppose h*p + 224 - 5 = 0. Let o = p + 120. What are the prime factors of o?
47
Let x(n) = -2*n**3 - n**2 + n. Let t(m) = -92*m**3 - 2*m**2 + 2*m + 2. Let y(r) = -t(r) + x(r). List the prime factors of y(2).
2, 3, 5
Suppose 0 = 3*n - 4*w - 93886, 3*n + 3*w = 25028 + 68893. What are the prime factors of n?
2, 3, 37, 47
Suppose 36*t + 12871 = 37*t - y, 25706 = 2*t + 4*y. List the prime factors of t.
5, 31, 83
Let u(c) = -c**3 - c**2 + 5*c. Let t be u(-3). Suppose -3*w - 2*d - 290 = 0, 0 = -t*w + 19*d - 17*d - 286. Let q = w + 333. List the prime factors of q.
3, 79
Let d = -7165 - -13267. What are the prime factors of d?
2, 3, 113
Let l = 11 - 7. Let r(d) = 6*d + 58 + l*d - 2*d - d. List the prime factors of r(9).
11
Let r(u) = 92*u + 1 + 8 - 1 - 1. Let d be r(-14). List the prime factors of d/(-18) - (-4)/(-24).
71
Suppose 69*d - 312383 = -67*d + 784185. List the prime factors of d.
11, 733
Let m = 39195 - 17597. What are the prime factors of m?
2, 10799
Suppose 5*x = -d + 21047, -8*x = 5*d - 6*x - 105074. What are the prime factors of d?
2, 3, 17, 103
What are the prime factors of (-3 + 4 + 40/(-6))*-786?
2, 17, 131
Suppose -2*m - 5*f = 540, 613 - 71 = -2*m - 4*f. Let d = 303 - m. List the prime factors of d.
2, 17
Let t = 1 + 4. Let d be (-2 - (0 + -4))*(-1)/(-2). List the prime factors of (-2197)/(-13) + t/d.
2, 3, 29
Let a(z) = 2*z + 4*z - 5*z + 10. Let g be a(-5). Suppose g*r + 5*l = 685, 5*l - 415 = -r - 2*r. List the prime factors of r.
3, 5
Suppose 197619 = 23*x - 4*x. List the prime factors of x.
3, 3467
Let w = 50 + -14. Suppose -8*n = 10*n - w. Suppose n*a - 308 = 78. What are the prime factors of a?
193
Let v = 1774 + 3555. What are the prime factors of v?
73
Suppose 2*r = -5*v + 27, -3*v - 30 = -r - 0. Let z = 323 - r. What are the prime factors of z?
2, 151
Let q be (-10 + 0)/(-2 + 1 + -1). Suppose 3*n - 3*j - 1131 = 0, 0*n - q*j + 733 = 2*n. List the prime factors of n.
2, 11, 17
Suppose 5*b - 1 = 14. Let h be ((b - -1)/12)/(1/30). Suppose 345 + 95 = h*l. What are the prime factors of l?
2, 11
Suppose 3*g - 2*i = -g + 462, 2*g - 219 = 5*i. Suppose 22*v - 31*v + g = 0. Suppose 268 = v*o - 486. List the prime factors of o.
2, 29
Suppose 18*r - 352270 = 598688. What are the prime factors of r?
23, 2297
Suppose -12 = -4*i + 4*t, -3*i + 0*t + 5*t = -11. Suppose -i*v + 0*v = -2, -4*a - 4*v = -600. Suppose 4*w - a = 251. List the prime factors of w.
2, 5
Let i = 185 - 187. List the prime factors of 3/i*(-6288)/36.
2, 131
Let a(l) = -l - 16. Let i be 0 + 3 + (1 - 20). Let m be a(i). Suppose -5*g - 2*p + 0*p + 401 = m, 2*g + 5*p = 152. List the prime factors of g.
3
Suppose 0 = -0*m - 3*m + 12. Suppose 4*i = -2*f + 16, m*f + 4*i - 14 = 10. List the prime factors of f.
2
Let d(k) = 23*k + 26. Let c be d(10). Suppose -3*f + 56 + c = 0. Let t = f - 35. What are the prime factors of t?
3, 23
Let h = -23263 + 33519. Suppose -3*f = -19*f + h. List the prime factors of f.
641
Let g(u) = 79 - 86 - 4*u**2 + 13*u - 2*u**2 - 262*u**3. Let m(l) = 175*l**3 + 4*l**2 - 9*l + 5. Let c(r) = -5*g(r) - 7*m(r). List the prime factors of c(1).
5, 17
Suppose 14*d = 24*d - 3290. Let i = d - 85. What are the prime factors of i?
2, 61
Let a(z) = 37*z - 56*z + 45*z + 128. List the prime factors of a(13).
2, 233
Let o(z) = 6*z**2 + 17*z + 56. Let l be (-165)/(-44)*(-16)/6. List the prime factors of o(l).
2, 3
Suppose 3*k - 7858 - 11303 = -18*g, 0 = 5*k - g - 31873. What are the prime factors of k?
3, 5, 17
Suppose 3*g - 20 = -2*g. Suppose -g*h - 8 = 0, 0*a - a = 2*h - 51. Suppose 0*w - 3*w = 4*p - a, -5*w + 4*p = -49. List the prime factors of w.
13
Let i(u) = 23*u + 20. Let n(h) = -114*h - 99. Let l(q) = 21*i(q) + 4*n(q). Let a be l(-4). What are the prime factors of (2/4*-2 - a) + -3?
2, 5
Let z = 790 - 781. Suppose 6062 = 4*q + 5*m, 5*q - 10*m = -z*m + 7592. List the prime factors of q.
2, 3, 11, 23
Let k(m) be the second derivative of m**4/4 + m**3/3 + 11*m**2/2 + 28*m. Let a be k(-6). Let p = a + 40. What are the prime factors of p?
3, 7
Let t(r) = -19 + r**3 + 6*r - 2*r**3 + 0*r**2 - 6*r**2. Let i(d) = -2*d**3 - 13*d**2 + 13*d - 38. Let b(l) = 4*i(l) - 9*t(l). List the prime factors of b(0).
19
Let g be 0/(-2*(-2 + 3)). Suppose 0 = 4*z - 4*m - 84, g = 5*z - m - 14 - 71. Suppose 0 = v - z - 29. What are the prime factors of v?
3, 5
Let r(a) = a**2 - a + 8. Suppose 3*b - 8 = -b. Let v be (-846)/(-144) + b/16. List the prime factors of r(v).
2, 19
Suppose 34259 = -8*q + 12*q - c, -3*c = -2*q + 17127. List the prime factors of q.
3, 5, 571
Let g(r) = 12*r**2 - 9*r + 5. Let i be g(2). Suppose -i*o = -27*o - 1424. List the prime factors of o.
2, 89
Let a(l) = 22862*l - 2117. List the prime factors of a(2).
43607
Suppose -554 = u + 3*k, -2*u + 5*k - 2 = 1161. Let t = -94 - u. List the prime factors of t.
5, 19
Let a(r) = 131*r**2 + 92*r - 498. What are the prime factors of a(5)?
3, 13, 83
Suppose 12 = 3*r, -4*j + j + 4*r + 9551 = 0. Suppose -10545 = -18*x + j. List the prime factors of x.
7, 109
List the prime factors of (4/(-6) - -1) + (-11 - 7820/(-30)).
2, 5
Let x(s) = 8*s**2 + 15*s + 1438. List the prime factors of x(63).
5, 6827
Let z be (57 - -1573) + -1 + -7. Let c = z + -1112. What are the prime factors of c?
2, 3, 5, 17
Let c = 995 + 1870. What are the prime factors of c?
3, 5, 191
Let w(r) = r + 6. Let j be w(-6). Suppose 0 = -j*p + 2*p + 5*x + 139, -2*p + 3*x = 179. Let c = 156 + p. List the prime factors of c.
2, 37
Suppose -7 + 45 = y. Suppose -36*r - 150 = -y*r. Let i = 139 + r. List the prime factors of i.
2, 107
Suppose -7*q + 6*q + 5 = 0. Let h(y) = 1 - 6 + 3 + 3 - y**2 + 11*y. What are the prime factors of h(q)?
31
Suppose 4*d = 20*d - 81568. List the prime factors of d.
2, 2549
Suppose -4*q + 12 = -8, 5*f - 181815 = q. What are the prime factors of f?
2, 9091
Suppose 0 = 127*u + 24*u - 1050054. What are the prime factors of u?
2, 3, 19, 61
What are the prime factors of 7 - (-79679)/68*(-8)/(-2)?
2, 2347
Suppose -3*o - 1974 = 11*o. Let c = 882 + o. What are the prime factors of c?
3, 13, 19
Let r(t) = -t**2 - 9*t - 6. Let u be r(-8). Let g(f) = u*f**2 - 3*f**2 + 13*f**3 + 3*f**2 - 17*f**3. List the prime factors of g(-2).
2, 5
Let i(x) = -72 + 3*x + 12*x + 54. Let b be i(-5). Let n = b - -240. List the prime factors of n.
3, 7
Suppose -454*v + 17069498 = 5536990. List the prime factors of v.
2, 13, 977
Suppose -65*z + 62*z + 2*b + 89441 = 0, 3*b + 12 = 0. What are the prime factors of z?
3, 19, 523
Let l(h) = h**2 + 2*h + 71. Suppose 0 = -2*t + 3*t. List the prime factors of l(t).
71
Suppose 729 = 24*u - 423. Suppose -8*t + 808 = -u. List the prime factors of t.
107
Let 